5939 is divided by 62.
49
What is the remainder when 186 is divided by 182?
4
What is the remainder when 61 is divided by 15?
1
Calculate the remainder when 42 is divided by 9.
6
Calculate the remainder when 138 is divided by 38.
24
Calculate the remainder when 1580 is divided by 93.
92
What is the remainder when 599 is divided by 20?
19
What is the remainder when 46 is divided by 27?
19
Calculate the remainder when 644 is divided by 27.
23
Calculate the remainder when 12457 is divided by 70.
67
What is the remainder when 632 is divided by 22?
16
Calculate the remainder when 115 is divided by 29.
28
What is the remainder when 1763 is divided by 63?
62
What is the remainder when 115 is divided by 13?
11
Calculate the remainder when 11074 is divided by 12.
10
Calculate the remainder when 759 is divided by 168.
87
Calculate the remainder when 785 is divided by 19.
6
Calculate the remainder when 602 is divided by 48.
26
What is the remainder when 356 is divided by 10?
6
What is the remainder when 80 is divided by 21?
17
Calculate the remainder when 425 is divided by 61.
59
Calculate the remainder when 42637 is divided by 65.
62
Calculate the remainder when 233 is divided by 96.
41
What is the remainder when 73 is divided by 35?
3
Calculate the remainder when 984 is divided by 291.
111
Calculate the remainder when 383 is divided by 27.
5
Calculate the remainder when 198 is divided by 12.
6
Calculate the remainder when 686 is divided by 122.
76
Calculate the remainder when 81 is divided by 43.
38
Calculate the remainder when 359 is divided by 42.
23
Calculate the remainder when 7680 is divided by 46.
44
Calculate the remainder when 409 is divided by 34.
1
Calculate the remainder when 239 is divided by 61.
56
Calculate the remainder when 2963 is divided by 25.
13
Calculate the remainder when 73 is divided by 19.
16
What is the remainder when 241 is divided by 82?
77
Calculate the remainder when 989 is divided by 66.
65
What is the remainder when 386 is divided by 14?
8
What is the remainder when 495 is divided by 439?
56
Calculate the remainder when 251 is divided by 28.
27
Calculate the remainder when 4021 is divided by 334.
13
What is the remainder when 11 is divided by 1?
0
What is the remainder when 475 is divided by 28?
27
What is the remainder when 561 is divided by 34?
17
Calculate the remainder when 68 is divided by 34.
0
Calculate the remainder when 157 is divided by 93.
64
What is the remainder when 75 is divided by 34?
7
What is the remainder when 38 is divided by 4?
2
What is the remainder when 4604 is divided by 16?
12
What is the remainder when 6523 is divided by 145?
143
Calculate the remainder when 46 is divided by 21.
4
What is the remainder when 3552 is divided by 79?
76
Calculate the remainder when 647 is divided by 39.
23
Calculate the remainder when 303 is divided by 24.
15
Calculate the remainder when 387 is divided by 97.
96
Calculate the remainder when 92 is divided by 46.
0
What is the remainder when 367 is divided by 62?
57
Calculate the remainder when 262 is divided by 17.
7
What is the remainder when 58 is divided by 16?
10
Calculate the remainder when 508 is divided by 47.
38
What is the remainder when 221 is divided by 34?
17
Calculate the remainder when 23 is divided by 9.
5
Calculate the remainder when 228 is divided by 77.
74
Calculate the remainder when 189 is divided by 16.
13
Calculate the remainder when 3927 is divided by 391.
17
Calculate the remainder when 113 is divided by 42.
29
What is the remainder when 63 is divided by 38?
25
Calculate the remainder when 93 is divided by 9.
3
Calculate the remainder when 56 is divided by 5.
1
Calculate the remainder when 82 is divided by 49.
33
What is the remainder when 59 is divided by 24?
11
What is the remainder when 424 is divided by 70?
4
Calculate the remainder when 1637 is divided by 20.
17
Calculate the remainder when 261 is divided by 79.
24
Calculate the remainder when 40 is divided by 17.
6
What is the remainder when 1560 is divided by 515?
15
Calculate the remainder when 28053 is divided by 155.
153
Calculate the remainder when 1896 is divided by 25.
21
Calculate the remainder when 219 is divided by 55.
54
Calculate the remainder when 951 is divided by 338.
275
What is the remainder when 33 is divided by 3?
0
Calculate the remainder when 7018 is divided by 59.
56
What is the remainder when 1412 is divided by 59?
55
Calculate the remainder when 17025 is divided by 99.
96
What is the remainder when 221 is divided by 91?
39
Calculate the remainder when 100 is divided by 45.
10
Calculate the remainder when 2985 is divided by 166.
163
Calculate the remainder when 568 is divided by 187.
7
Calculate the remainder when 432 is divided by 111.
99
What is the remainder when 462 is divided by 113?
10
Calculate the remainder when 817 is divided by 117.
115
Calculate the remainder when 6389 is divided by 355.
354
What is the remainder when 726 is divided by 56?
54
Calculate the remainder when 305 is divided by 34.
33
What is the remainder when 3545 is divided by 24?
17
Calculate the remainder when 1187 is divided by 65.
17
What is the remainder when 51 is divided by 31?
20
What is the remainder when 840 is divided by 142?
130
Calculate the remainder when 32535 is divided by 33.
30
Calculate the remainder when 96 is divided by 42.
12
Calculate the remainder when 114 is divided by 74.
40
What is the remainder when 4041 is divided by 135?
126
What is the remainder when 1079 is divided by 42?
29
Calculate the remainder when 124 is divided by 35.
19
What is the remainder when 341 is divided by 61?
36
What is the remainder when 1595 is divided by 21?
20
Calculate the remainder when 116 is divided by 105.
11
What is the remainder when 194 is divided by 67?
60
What is the remainder when 117 is divided by 31?
24
What is the remainder when 1980 is divided by 92?
48
What is the remainder when 351 is divided by 22?
21
What is the remainder when 105 is divided by 18?
15
What is the remainder when 92 is divided by 33?
26
What is the remainder when 897 is divided by 22?
17
Calculate the remainder when 4594 is divided by 9.
4
What is the remainder when 1107 is divided by 552?
3
What is the remainder when 131 is divided by 73?
58
Calculate the remainder when 346 is divided by 87.
85
Calculate the remainder when 654 is divided by 189.
87
Calculate the remainder when 729 is divided by 224.
57
Calculate the remainder when 3426 is divided by 9.
6
Calculate the remainder when 3315 is divided by 87.
9
What is the remainder when 1047 is divided by 203?
32
Calculate the remainder when 180 is divided by 105.
75
What is the remainder when 1267 is divided by 115?
2
Calculate the remainder when 3104 is divided by 17.
10
What is the remainder when 246 is divided by 13?
12
Calculate the remainder when 6218 is divided by 3104.
10
Calculate the remainder when 509 is divided by 16.
13
Calculate the remainder when 972 is divided by 24.
12
Calculate the remainder when 321 is divided by 119.
83
Calculate the remainder when 11545 is divided by 106.
97
Calculate the remainder when 2138 is divided by 69.
68
What is the remainder when 35 is divided by 1?
0
What is the remainder when 339 is divided by 36?
15
What is the remainder when 491 is divided by 136?
83
Calculate the remainder when 2094 is divided by 12.
6
Calculate the remainder when 1987 is divided by 495.
7
Calculate the remainder when 1800 is divided by 46.
6
Calculate the remainder when 26 is divided by 6.
2
What is the remainder when 187 is divided by 67?
53
What is the remainder when 651 is divided by 309?
33
What is the remainder when 42236 is divided by 32?
28
Calculate the remainder when 85 is divided by 75.
10
What is the remainder when 1460 is divided by 133?
130
What is the remainder when 2204 is divided by 105?
104
Calculate the remainder when 3917 is divided by 28.
25
What is the remainder when 113 is divided by 57?
56
Calculate the remainder when 72 is divided by 13.
7
Calculate the remainder when 1093 is divided by 85.
73
Calculate the remainder when 164 is divided by 106.
58
What is the remainder when 3844 is divided by 13?
9
Calculate the remainder when 127 is divided by 27.
19
Calculate the remainder when 395 is divided by 96.
11
What